{"id":472,"date":"2025-01-06T10:17:09","date_gmt":"2025-01-06T10:17:09","guid":{"rendered":"https:\/\/saltroom.lv\/?page_id=472"},"modified":"2025-01-12T16:13:12","modified_gmt":"2025-01-12T16:13:12","slug":"my-introduction-with-lemongrass-house-products","status":"publish","type":"page","link":"https:\/\/saltroom.lv\/index.php\/my-introduction-with-lemongrass-house-products\/","title":{"rendered":"My introduction with Lemongrass House Products"},"content":{"rendered":"\n<div class=\"wp-block-media-text is-stacked-on-mobile is-vertically-aligned-top\" style=\"grid-template-columns:38% auto\"><figure class=\"wp-block-media-text__media\"><img loading=\"lazy\" decoding=\"async\" width=\"1024\" height=\"577\" src=\"https:\/\/saltroom.lv\/wp-content\/uploads\/2025\/01\/20240107_111719-1024x577.jpg\" alt=\"\" class=\"wp-image-458 size-full\" srcset=\"https:\/\/saltroom.lv\/wp-content\/uploads\/2025\/01\/20240107_111719-1024x577.jpg 1024w, https:\/\/saltroom.lv\/wp-content\/uploads\/2025\/01\/20240107_111719-300x169.jpg 300w, https:\/\/saltroom.lv\/wp-content\/uploads\/2025\/01\/20240107_111719-768x432.jpg 768w, https:\/\/saltroom.lv\/wp-content\/uploads\/2025\/01\/20240107_111719-1536x865.jpg 1536w, https:\/\/saltroom.lv\/wp-content\/uploads\/2025\/01\/20240107_111719-2048x1153.jpg 2048w, https:\/\/saltroom.lv\/wp-content\/uploads\/2025\/01\/20240107_111719-600x338.jpg 600w\" sizes=\"auto, (max-width: 1024px) 100vw, 1024px\" \/><\/figure><div class=\"wp-block-media-text__content\">\n<p><strong>K\u0101 es iepazinu Lemongrass house?<\/strong><\/p>\n\n\n\n<p>Vien\u0101 no ce\u013cojumiem Taizem\u0113 mans draugs mani aizveda uz Lemongrass house veikalu, zinot to, ka es esmu \u201caps\u0113sta\u201d ar SPA un visu kas ar to ir saist\u012bts. Pirmo reizi ieejot veikal\u0101, jau viss bija skaidrs \u2013 t\u0101 ir mana pasaule!<\/p>\n\n\n\n<p>T\u0101 ener\u0123ija, kas tur valda ir neaprakst\u0101ma. Taj\u0101 dien\u0101, taj\u0101 veikal\u0101 es pavad\u012bju tik pat daudz laika, k\u0101 k\u0101d\u0101 no iev\u0113r\u012bbas cien\u012bgiem apskates objektiem Taizem\u0113. Man galv\u0101 bija doma \u2013 es gribu to visu! T\u0101 k\u0101 t\u0101s visas emocijas atspogu\u013coj\u0101s man\u0101 sej\u0101, uzved\u012bb\u0101, saj\u016bsm\u0101, tad manam draugam bija skaidrs, ka ir tr\u0101p\u012bjis desmitniek\u0101. P\u0101ris dienas v\u0113l\u0101k mums jau bija sarun\u0101ta tik\u0161an\u0101s ar Bobby Duchowny.<\/p>\n\n\n\n<p>Atkal \u012bstais laiks, vieta un apst\u0101k\u013cu sakrit\u012bba, ka Bobby visp\u0101r bija sasniedzams. Tas, ka vi\u0146\u0161 izlas\u012bja un atbild\u0113ja uz m\u016bsu e-pastu bija viena iesp\u0113ja no miljons. K\u0101 vi\u0146\u0161 pats min\u0113ja, ka atbild\u0113ja un piekrita satikties tikai tap\u0113c, ka es esmu no Latvijas (tur apak\u0161\u0101 ir st\u0101sts par to). Man tas lik\u0101s k\u0101 sapnis. Tom\u0113r mums bija tas gods ar vi\u0146u satikties.<\/p>\n\n\n\n<p>M\u016bsu tik\u0161an\u0101s bija jaukas un sirsn\u012bgas. Es pieredz\u0113ju to visu atmosf\u0113ru, kas valda&nbsp; Lemongrass House. Tas mani apb\u016bra. \u013boti ceru, ka \u012bstenosies mans sapnis un Lemongrass house produkti b\u016bs pieejami ar\u012b Latvij\u0101. Tas nav st\u0101sts par k\u0101rt\u0113j\u0101 sve\u0161zemju produkta ieve\u0161anu Latvij\u0101. Tas ir st\u0101sts par izcilu produktu ar kuru katrs induvidu\u0101li un ar\u012b kop\u0101 m\u0113s var\u0113tu uzlabot savu vesel\u012bbu, labsaj\u016btu un skaistumu.<\/p>\n\n\n\n<p><\/p>\n<\/div><\/div>\n\n\n\n<div style=\"height:65px\" aria-hidden=\"true\" class=\"wp-block-spacer\"><\/div>\n\n\n\n<div style=\"height:46px\" aria-hidden=\"true\" class=\"wp-block-spacer\"><\/div>\n","protected":false},"excerpt":{"rendered":"<p>K\u0101 es iepazinu Lemongrass house? Vien\u0101 no ce\u013cojumiem Taizem\u0113 mans draugs mani aizveda uz Lemongrass house veikalu, zinot to, ka [&hellip;]<\/p>\n","protected":false},"author":1,"featured_media":0,"parent":0,"menu_order":0,"comment_status":"closed","ping_status":"closed","template":"","meta":{"site-sidebar-layout":"default","site-content-layout":"","ast-site-content-layout":"","site-content-style":"default","site-sidebar-style":"default","ast-global-header-display":"","ast-banner-title-visibility":"","ast-main-header-display":"","ast-hfb-above-header-display":"","ast-hfb-below-header-display":"","ast-hfb-mobile-header-display":"","site-post-title":"disabled","ast-breadcrumbs-content":"","ast-featured-img":"","footer-sml-layout":"","theme-transparent-header-meta":"","adv-header-id-meta":"","stick-header-meta":"","header-above-stick-meta":"","header-main-stick-meta":"","header-below-stick-meta":"","astra-migrate-meta-layouts":"default","ast-page-background-enabled":"default","ast-page-background-meta":{"desktop":{"background-color":"var(--ast-global-color-4)","background-image":"","background-repeat":"repeat","background-position":"center center","background-size":"auto","background-attachment":"scroll","background-type":"","background-media":"","overlay-type":"","overlay-color":"","overlay-opacity":"","overlay-gradient":""},"tablet":{"background-color":"","background-image":"","background-repeat":"repeat","background-position":"center center","background-size":"auto","background-attachment":"scroll","background-type":"","background-media":"","overlay-type":"","overlay-color":"","overlay-opacity":"","overlay-gradient":""},"mobile":{"background-color":"","background-image":"","background-repeat":"repeat","background-position":"center center","background-size":"auto","background-attachment":"scroll","background-type":"","background-media":"","overlay-type":"","overlay-color":"","overlay-opacity":"","overlay-gradient":""}},"ast-content-background-meta":{"desktop":{"background-color":"var(--ast-global-color-5)","background-image":"","background-repeat":"repeat","background-position":"center center","background-size":"auto","background-attachment":"scroll","background-type":"","background-media":"","overlay-type":"","overlay-color":"","overlay-opacity":"","overlay-gradient":""},"tablet":{"background-color":"var(--ast-global-color-5)","background-image":"","background-repeat":"repeat","background-position":"center center","background-size":"auto","background-attachment":"scroll","background-type":"","background-media":"","overlay-type":"","overlay-color":"","overlay-opacity":"","overlay-gradient":""},"mobile":{"background-color":"var(--ast-global-color-5)","background-image":"","background-repeat":"repeat","background-position":"center center","background-size":"auto","background-attachment":"scroll","background-type":"","background-media":"","overlay-type":"","overlay-color":"","overlay-opacity":"","overlay-gradient":""}},"footnotes":""},"class_list":["post-472","page","type-page","status-publish","hentry"],"_links":{"self":[{"href":"https:\/\/saltroom.lv\/index.php\/wp-json\/wp\/v2\/pages\/472","targetHints":{"allow":["GET"]}}],"collection":[{"href":"https:\/\/saltroom.lv\/index.php\/wp-json\/wp\/v2\/pages"}],"about":[{"href":"https:\/\/saltroom.lv\/index.php\/wp-json\/wp\/v2\/types\/page"}],"author":[{"embeddable":true,"href":"https:\/\/saltroom.lv\/index.php\/wp-json\/wp\/v2\/users\/1"}],"replies":[{"embeddable":true,"href":"https:\/\/saltroom.lv\/index.php\/wp-json\/wp\/v2\/comments?post=472"}],"version-history":[{"count":2,"href":"https:\/\/saltroom.lv\/index.php\/wp-json\/wp\/v2\/pages\/472\/revisions"}],"predecessor-version":[{"id":532,"href":"https:\/\/saltroom.lv\/index.php\/wp-json\/wp\/v2\/pages\/472\/revisions\/532"}],"wp:attachment":[{"href":"https:\/\/saltroom.lv\/index.php\/wp-json\/wp\/v2\/media?parent=472"}],"curies":[{"name":"wp","href":"https:\/\/api.w.org\/{rel}","templated":true}]}}