{"id":478,"date":"2025-01-11T05:03:55","date_gmt":"2025-01-11T05:03:55","guid":{"rendered":"https:\/\/saltroom.lv\/?page_id=478"},"modified":"2025-01-17T07:55:34","modified_gmt":"2025-01-17T07:55:34","slug":"blog","status":"publish","type":"page","link":"https:\/\/saltroom.lv\/index.php\/blog\/","title":{"rendered":"Blog"},"content":{"rendered":"\n<div class=\"wp-block-group is-layout-grid wp-container-core-group-is-layout-1 wp-block-group-is-layout-grid\">\n<figure class=\"wp-block-embed alignleft is-type-wp-embed is-provider-saltroom wp-block-embed-saltroom\"><div class=\"wp-block-embed__wrapper\">\n<blockquote class=\"wp-embedded-content\" data-secret=\"x8T5sHXK5i\"><a href=\"https:\/\/saltroom.lv\/index.php\/2025\/01\/11\/kas-ir-spa-kosmetika\/\">Kas ir SPA kosm\u0113tika?<\/a><\/blockquote><iframe loading=\"lazy\" class=\"wp-embedded-content\" sandbox=\"allow-scripts\" security=\"restricted\" style=\"position: absolute; visibility: hidden;\" title=\"&#8220;Kas ir SPA kosm\u0113tika?&#8221; &#8212; SALTROOM\" src=\"https:\/\/saltroom.lv\/index.php\/2025\/01\/11\/kas-ir-spa-kosmetika\/embed\/#?secret=qLKwY72vDz#?secret=x8T5sHXK5i\" data-secret=\"x8T5sHXK5i\" width=\"500\" height=\"282\" frameborder=\"0\" marginwidth=\"0\" marginheight=\"0\" scrolling=\"no\"><\/iframe>\n<\/div><\/figure>\n\n\n\n<figure class=\"wp-block-embed is-type-wp-embed is-provider-saltroom wp-block-embed-saltroom wp-container-content-1\" style=\"margin-right:var(--wp--preset--spacing--20);margin-left:var(--wp--preset--spacing--20)\"><div class=\"wp-block-embed__wrapper\">\n<blockquote class=\"wp-embedded-content\" data-secret=\"K6jBwCEWBo\"><a href=\"https:\/\/saltroom.lv\/index.php\/2023\/05\/20\/well-being\/\">Labsaj\u016bta.<\/a><\/blockquote><iframe loading=\"lazy\" class=\"wp-embedded-content\" sandbox=\"allow-scripts\" security=\"restricted\" style=\"position: absolute; visibility: hidden;\" title=\"&#8220;Labsaj\u016bta.&#8221; &#8212; SALTROOM\" src=\"https:\/\/saltroom.lv\/index.php\/2023\/05\/20\/well-being\/embed\/#?secret=dUQR6Ri28l#?secret=K6jBwCEWBo\" data-secret=\"K6jBwCEWBo\" width=\"500\" height=\"282\" frameborder=\"0\" marginwidth=\"0\" marginheight=\"0\" scrolling=\"no\"><\/iframe>\n<\/div><\/figure>\n\n\n\n<figure class=\"wp-block-embed is-type-wp-embed is-provider-saltroom wp-block-embed-saltroom\"><div class=\"wp-block-embed__wrapper\">\n<blockquote class=\"wp-embedded-content\" data-secret=\"AGxTn3S16g\"><a href=\"https:\/\/saltroom.lv\/index.php\/2025\/01\/11\/kosmetikas-sastavdalas-aktivas-vielas-kaitigas-vielas-un-papildvielas\/\">Kosm\u0113tikas sast\u0101vda\u013cas: akt\u012bv\u0101s vielas, kait\u012bg\u0101s vielas un papildvielas.<\/a><\/blockquote><iframe loading=\"lazy\" class=\"wp-embedded-content\" sandbox=\"allow-scripts\" security=\"restricted\" style=\"position: absolute; visibility: hidden;\" title=\"&#8220;Kosm\u0113tikas sast\u0101vda\u013cas: akt\u012bv\u0101s vielas, kait\u012bg\u0101s vielas un papildvielas.&#8221; &#8212; SALTROOM\" src=\"https:\/\/saltroom.lv\/index.php\/2025\/01\/11\/kosmetikas-sastavdalas-aktivas-vielas-kaitigas-vielas-un-papildvielas\/embed\/#?secret=FyBrqVxMGX#?secret=AGxTn3S16g\" data-secret=\"AGxTn3S16g\" width=\"500\" height=\"282\" frameborder=\"0\" marginwidth=\"0\" marginheight=\"0\" scrolling=\"no\"><\/iframe>\n<\/div><\/figure>\n<\/div>\n\n\n\n<div class=\"wp-block-group is-layout-grid wp-container-core-group-is-layout-2 wp-block-group-is-layout-grid\">\n<figure class=\"wp-block-embed alignleft is-type-wp-embed is-provider-saltroom wp-block-embed-saltroom wp-container-content-2\"><div class=\"wp-block-embed__wrapper\">\n<blockquote class=\"wp-embedded-content\" data-secret=\"Jdmpm6ZQkl\"><a href=\"https:\/\/saltroom.lv\/index.php\/2025\/01\/11\/kas-ir-aromaterapija\/\">Kas ir aromaterapija?<\/a><\/blockquote><iframe loading=\"lazy\" class=\"wp-embedded-content\" sandbox=\"allow-scripts\" security=\"restricted\" style=\"position: absolute; visibility: hidden;\" title=\"&#8220;Kas ir aromaterapija?&#8221; &#8212; SALTROOM\" src=\"https:\/\/saltroom.lv\/index.php\/2025\/01\/11\/kas-ir-aromaterapija\/embed\/#?secret=lwSBTRx2v7#?secret=Jdmpm6ZQkl\" data-secret=\"Jdmpm6ZQkl\" width=\"500\" height=\"282\" frameborder=\"0\" marginwidth=\"0\" marginheight=\"0\" scrolling=\"no\"><\/iframe>\n<\/div><\/figure>\n\n\n\n<figure class=\"wp-block-embed is-type-wp-embed is-provider-saltroom wp-block-embed-saltroom\"><div class=\"wp-block-embed__wrapper\">\n<blockquote class=\"wp-embedded-content\" data-secret=\"90Yoh31fsh\"><a href=\"https:\/\/saltroom.lv\/index.php\/2025\/01\/14\/spa-nosaukuma-izcelsme-un-vesturiska-saistiba\/\">SPA nosaukuma izcelsme un v\u0113sturisk\u0101 saist\u012bba.<\/a><\/blockquote><iframe loading=\"lazy\" class=\"wp-embedded-content\" sandbox=\"allow-scripts\" security=\"restricted\" style=\"position: absolute; visibility: hidden;\" title=\"&#8220;SPA nosaukuma izcelsme un v\u0113sturisk\u0101 saist\u012bba.&#8221; &#8212; SALTROOM\" src=\"https:\/\/saltroom.lv\/index.php\/2025\/01\/14\/spa-nosaukuma-izcelsme-un-vesturiska-saistiba\/embed\/#?secret=kRTwIRKfCB#?secret=90Yoh31fsh\" data-secret=\"90Yoh31fsh\" width=\"500\" height=\"282\" frameborder=\"0\" marginwidth=\"0\" marginheight=\"0\" scrolling=\"no\"><\/iframe>\n<\/div><\/figure>\n\n\n\n<figure class=\"wp-block-embed is-type-wp-embed is-provider-saltroom wp-block-embed-saltroom\"><div class=\"wp-block-embed__wrapper\">\n<blockquote class=\"wp-embedded-content\" data-secret=\"LXKaRLm4QC\"><a href=\"https:\/\/saltroom.lv\/index.php\/2025\/01\/14\/kas-ir-lemongrass-house\/\">Kas ir Lemongrass House?\u00a0<\/a><\/blockquote><iframe loading=\"lazy\" class=\"wp-embedded-content\" sandbox=\"allow-scripts\" security=\"restricted\" style=\"position: absolute; visibility: hidden;\" title=\"&#8220;Kas ir Lemongrass House?\u00a0&#8221; &#8212; SALTROOM\" src=\"https:\/\/saltroom.lv\/index.php\/2025\/01\/14\/kas-ir-lemongrass-house\/embed\/#?secret=RUsEqrdmaF#?secret=LXKaRLm4QC\" data-secret=\"LXKaRLm4QC\" width=\"500\" height=\"282\" frameborder=\"0\" marginwidth=\"0\" marginheight=\"0\" scrolling=\"no\"><\/iframe>\n<\/div><\/figure>\n<\/div>\n\n\n\n<div class=\"wp-block-group is-layout-grid wp-container-core-group-is-layout-3 wp-block-group-is-layout-grid\">\n<figure class=\"wp-block-embed alignleft is-type-wp-embed is-provider-saltroom wp-block-embed-saltroom wp-container-content-3\"><div class=\"wp-block-embed__wrapper\">\n<blockquote class=\"wp-embedded-content\" data-secret=\"i9kFNK7tfa\"><a href=\"https:\/\/saltroom.lv\/index.php\/2025\/01\/17\/no-avota-lidz-spa-cilveka-velmes-pec-veselibas-un-harmonijas\/\">No avota l\u012bdz SPA: Cilv\u0113ka v\u0113lmes p\u0113c vesel\u012bbas un harmonijas.<\/a><\/blockquote><iframe loading=\"lazy\" class=\"wp-embedded-content\" sandbox=\"allow-scripts\" security=\"restricted\" style=\"position: absolute; visibility: hidden;\" title=\"&#8220;No avota l\u012bdz SPA: Cilv\u0113ka v\u0113lmes p\u0113c vesel\u012bbas un harmonijas.&#8221; &#8212; SALTROOM\" src=\"https:\/\/saltroom.lv\/index.php\/2025\/01\/17\/no-avota-lidz-spa-cilveka-velmes-pec-veselibas-un-harmonijas\/embed\/#?secret=lLNg6PXSSi#?secret=i9kFNK7tfa\" data-secret=\"i9kFNK7tfa\" width=\"500\" height=\"282\" frameborder=\"0\" marginwidth=\"0\" marginheight=\"0\" scrolling=\"no\"><\/iframe>\n<\/div><\/figure>\n<\/div>\n\n\n\n<p><\/p>\n","protected":false},"excerpt":{"rendered":"","protected":false},"author":1,"featured_media":0,"parent":0,"menu_order":0,"comment_status":"closed","ping_status":"closed","template":"","meta":{"site-sidebar-layout":"default","site-content-layout":"","ast-site-content-layout":"","site-content-style":"default","site-sidebar-style":"default","ast-global-header-display":"","ast-banner-title-visibility":"","ast-main-header-display":"","ast-hfb-above-header-display":"","ast-hfb-below-header-display":"","ast-hfb-mobile-header-display":"","site-post-title":"disabled","ast-breadcrumbs-content":"","ast-featured-img":"","footer-sml-layout":"","theme-transparent-header-meta":"","adv-header-id-meta":"","stick-header-meta":"","header-above-stick-meta":"","header-main-stick-meta":"","header-below-stick-meta":"","astra-migrate-meta-layouts":"default","ast-page-background-enabled":"default","ast-page-background-meta":{"desktop":{"background-color":"var(--ast-global-color-4)","background-image":"","background-repeat":"repeat","background-position":"center center","background-size":"auto","background-attachment":"scroll","background-type":"","background-media":"","overlay-type":"","overlay-color":"","overlay-opacity":"","overlay-gradient":""},"tablet":{"background-color":"","background-image":"","background-repeat":"repeat","background-position":"center center","background-size":"auto","background-attachment":"scroll","background-type":"","background-media":"","overlay-type":"","overlay-color":"","overlay-opacity":"","overlay-gradient":""},"mobile":{"background-color":"","background-image":"","background-repeat":"repeat","background-position":"center center","background-size":"auto","background-attachment":"scroll","background-type":"","background-media":"","overlay-type":"","overlay-color":"","overlay-opacity":"","overlay-gradient":""}},"ast-content-background-meta":{"desktop":{"background-color":"var(--ast-global-color-5)","background-image":"","background-repeat":"repeat","background-position":"center center","background-size":"auto","background-attachment":"scroll","background-type":"","background-media":"","overlay-type":"","overlay-color":"","overlay-opacity":"","overlay-gradient":""},"tablet":{"background-color":"var(--ast-global-color-5)","background-image":"","background-repeat":"repeat","background-position":"center center","background-size":"auto","background-attachment":"scroll","background-type":"","background-media":"","overlay-type":"","overlay-color":"","overlay-opacity":"","overlay-gradient":""},"mobile":{"background-color":"var(--ast-global-color-5)","background-image":"","background-repeat":"repeat","background-position":"center center","background-size":"auto","background-attachment":"scroll","background-type":"","background-media":"","overlay-type":"","overlay-color":"","overlay-opacity":"","overlay-gradient":""}},"footnotes":""},"class_list":["post-478","page","type-page","status-publish","hentry"],"_links":{"self":[{"href":"https:\/\/saltroom.lv\/index.php\/wp-json\/wp\/v2\/pages\/478","targetHints":{"allow":["GET"]}}],"collection":[{"href":"https:\/\/saltroom.lv\/index.php\/wp-json\/wp\/v2\/pages"}],"about":[{"href":"https:\/\/saltroom.lv\/index.php\/wp-json\/wp\/v2\/types\/page"}],"author":[{"embeddable":true,"href":"https:\/\/saltroom.lv\/index.php\/wp-json\/wp\/v2\/users\/1"}],"replies":[{"embeddable":true,"href":"https:\/\/saltroom.lv\/index.php\/wp-json\/wp\/v2\/comments?post=478"}],"version-history":[{"count":15,"href":"https:\/\/saltroom.lv\/index.php\/wp-json\/wp\/v2\/pages\/478\/revisions"}],"predecessor-version":[{"id":546,"href":"https:\/\/saltroom.lv\/index.php\/wp-json\/wp\/v2\/pages\/478\/revisions\/546"}],"wp:attachment":[{"href":"https:\/\/saltroom.lv\/index.php\/wp-json\/wp\/v2\/media?parent=478"}],"curies":[{"name":"wp","href":"https:\/\/api.w.org\/{rel}","templated":true}]}}