{"id":438,"date":"2024-12-28T11:49:42","date_gmt":"2024-12-28T11:49:42","guid":{"rendered":"https:\/\/saltroom.lv\/?post_type=product&#038;p=438"},"modified":"2025-01-06T05:48:08","modified_gmt":"2025-01-06T05:48:08","slug":"essential-oil-lavender","status":"publish","type":"product","link":"https:\/\/saltroom.lv\/index.php\/product\/essential-oil-lavender\/","title":{"rendered":"Essential Oil Lavender"},"content":{"rendered":"<p><strong>Galven\u0101s \u012bpa\u0161\u012bbas:<\/strong><\/p>\n<ul>\n<li><strong>100% t\u012bra un dab\u012bga<\/strong>: Bez piedev\u0101m, \u0137imik\u0101lij\u0101m vai sint\u0113tisk\u0101m sast\u0101vda\u013c\u0101m.<\/li>\n<li><strong>Spilgts, citrus\u012bgs arom\u0101ts<\/strong>: Ener\u0123iz\u0113 pr\u0101tu un atsvaidzina apk\u0101rt\u0113jo vidi.<\/li>\n<li><strong>Daudzpus\u012bga lieto\u0161ana<\/strong>: Ide\u0101li piem\u0113rota aromterapijai, mas\u0101\u017e\u0101m un DIY t\u012br\u012b\u0161anas l\u012bdzek\u013ciem.<\/li>\n<li><strong>Nomierino\u0161a un atsl\u0101bino\u0161a<\/strong>: Pal\u012bdz mazin\u0101t spriedzi un veicina relaks\u0101ciju.<\/li>\n<li><strong>Videi draudz\u012bgs iepakojums<\/strong>: P\u0101rdom\u0101ts dizains, lai mazin\u0101tu ietekmi uz vidi.<\/li>\n<\/ul>\n<p><strong>Citronz\u0101les \u0113terisk\u0101s e\u013c\u013cas priek\u0161roc\u012bbas:<\/strong><\/p>\n<ul>\n<li><strong>Aromterapija<\/strong>: Uzlabo garast\u0101vokli, palielina ener\u0123iju un att\u012bra pr\u0101tu.<\/li>\n<li><strong>\u0100das kop\u0161ana<\/strong>: Pateicoties att\u012bro\u0161aj\u0101m \u012bpa\u0161\u012bb\u0101m, var pal\u012bdz\u0113t nomierin\u0101t sakairin\u0101tu \u0101du (at\u0161\u0137aidot).<\/li>\n<li><strong>M\u0101jas kop\u0161ana<\/strong>: Dab\u012bgs dezodorants, kas atst\u0101j telpu svaigu un t\u012bru.<\/li>\n<\/ul>\n<p><strong>Lieto\u0161ana:<\/strong><\/p>\n<ul>\n<li><strong>Dif\u016bzors<\/strong>: Pievieno 3\u20135 pilienus dif\u016bzoram, lai rad\u012btu atsvaidzino\u0161u atmosf\u0113ru.<\/li>\n<li><strong>Mas\u0101\u017ea<\/strong>: Sajauc ar b\u0101zes e\u013c\u013cu nomierino\u0161ai mas\u0101\u017eai.<\/li>\n<li><strong>DIY t\u012br\u012b\u0161ana<\/strong>: Pievieno da\u017eus pilienus \u016bdenim vai eti\u0137im efekt\u012bva dab\u012bg\u0101 t\u012br\u012b\u0161anas l\u012bdzek\u013ca izveidei.<\/li>\n<\/ul>\n<p>P\u0101rv\u0113rt savas ikdienas aktivit\u0101tes ar citronz\u0101les \u0113terisk\u0101s e\u013c\u013cas dzidro un dz\u012bv\u012bgo arom\u0101tu. Vai tas b\u016btu pr\u0101ta atjauno\u0161anai vai m\u0101jas atsvaidzin\u0101\u0161anai \u2013 \u0161\u012b daudzpus\u012bg\u0101 e\u013c\u013ca ir tavs ide\u0101lais sabiedrotais.<\/p>\n","protected":false},"excerpt":{"rendered":"<p><strong>Lemongrass House Essential Oils \u2013 Atsvaidzini savas saj\u016btas dabisk\u0101 veid\u0101<\/strong><\/p>\n<p>Izbaudi atsvaidzino\u0161o un ener\u0123iju dodo\u0161o\u00a0<strong><a href=\"https:\/\/saltroom.lv\/?page_id=456\">Lemongrass House<\/a> Essential Oils<\/strong>\u00a0arom\u0101tu \u2013 daudzpus\u012bgu un iedvesmojo\u0161u papildin\u0101jumu tavai labsaj\u016btas rut\u012bnai. \u0160\u012b 100% t\u012br\u0101 \u0113terisk\u0101 e\u013c\u013ca tiek ieg\u016bta no citronz\u0101les lap\u0101m, izmantojot tvaika destil\u0101ciju, lai saglab\u0101tu t\u0101s dab\u012bg\u0101s \u012bpa\u0161\u012bbas un efektivit\u0101ti.<\/p>\n","protected":false},"featured_media":449,"template":"","meta":{"site-sidebar-layout":"default","site-content-layout":"","ast-site-content-layout":"default","site-content-style":"default","site-sidebar-style":"default","ast-global-header-display":"","ast-banner-title-visibility":"","ast-main-header-display":"","ast-hfb-above-header-display":"","ast-hfb-below-header-display":"","ast-hfb-mobile-header-display":"","site-post-title":"","ast-breadcrumbs-content":"","ast-featured-img":"","footer-sml-layout":"","theme-transparent-header-meta":"default","adv-header-id-meta":"","stick-header-meta":"","header-above-stick-meta":"","header-main-stick-meta":"","header-below-stick-meta":"","astra-migrate-meta-layouts":"set","ast-page-background-enabled":"default","ast-page-background-meta":{"desktop":{"background-color":"var(--ast-global-color-4)","background-image":"","background-repeat":"repeat","background-position":"center center","background-size":"auto","background-attachment":"scroll","background-type":"","background-media":"","overlay-type":"","overlay-color":"","overlay-opacity":"","overlay-gradient":""},"tablet":{"background-color":"","background-image":"","background-repeat":"repeat","background-position":"center center","background-size":"auto","background-attachment":"scroll","background-type":"","background-media":"","overlay-type":"","overlay-color":"","overlay-opacity":"","overlay-gradient":""},"mobile":{"background-color":"","background-image":"","background-repeat":"repeat","background-position":"center center","background-size":"auto","background-attachment":"scroll","background-type":"","background-media":"","overlay-type":"","overlay-color":"","overlay-opacity":"","overlay-gradient":""}},"ast-content-background-meta":{"desktop":{"background-color":"var(--ast-global-color-5)","background-image":"","background-repeat":"repeat","background-position":"center center","background-size":"auto","background-attachment":"scroll","background-type":"","background-media":"","overlay-type":"","overlay-color":"","overlay-opacity":"","overlay-gradient":""},"tablet":{"background-color":"var(--ast-global-color-5)","background-image":"","background-repeat":"repeat","background-position":"center center","background-size":"auto","background-attachment":"scroll","background-type":"","background-media":"","overlay-type":"","overlay-color":"","overlay-opacity":"","overlay-gradient":""},"mobile":{"background-color":"var(--ast-global-color-5)","background-image":"","background-repeat":"repeat","background-position":"center center","background-size":"auto","background-attachment":"scroll","background-type":"","background-media":"","overlay-type":"","overlay-color":"","overlay-opacity":"","overlay-gradient":""}}},"product_cat":[27,26],"product_tag":[],"class_list":["post-438","product","type-product","status-publish","has-post-thumbnail","hentry","product_cat-essential-oils","product_cat-spa-products","desktop-align-left","tablet-align-left","mobile-align-left"],"_links":{"self":[{"href":"https:\/\/saltroom.lv\/index.php\/wp-json\/wp\/v2\/product\/438","targetHints":{"allow":["GET"]}}],"collection":[{"href":"https:\/\/saltroom.lv\/index.php\/wp-json\/wp\/v2\/product"}],"about":[{"href":"https:\/\/saltroom.lv\/index.php\/wp-json\/wp\/v2\/types\/product"}],"wp:featuredmedia":[{"embeddable":true,"href":"https:\/\/saltroom.lv\/index.php\/wp-json\/wp\/v2\/media\/449"}],"wp:attachment":[{"href":"https:\/\/saltroom.lv\/index.php\/wp-json\/wp\/v2\/media?parent=438"}],"wp:term":[{"taxonomy":"product_cat","embeddable":true,"href":"https:\/\/saltroom.lv\/index.php\/wp-json\/wp\/v2\/product_cat?post=438"},{"taxonomy":"product_tag","embeddable":true,"href":"https:\/\/saltroom.lv\/index.php\/wp-json\/wp\/v2\/product_tag?post=438"}],"curies":[{"name":"wp","href":"https:\/\/api.w.org\/{rel}","templated":true}]}}